Dec 01 16:03:08.493 INFO testing hatoo/Accepted against master#8940af3cea4a9a9deabcaf843b2f8cad9a83fc61 for beta-1.31-5
Dec 01 16:03:08.493 INFO running `"docker" "create" "-v" "/mnt/big/crater/work/local/target-dirs/beta-1.31-5/worker-1/master#8940af3cea4a9a9deabcaf843b2f8cad9a83fc61:/target:rw,Z" "-v" "/mnt/big/crater/work/local/test-source/worker-1/beta-1.31-5/master#8940af3cea4a9a9deabcaf843b2f8cad9a83fc61:/source:ro,Z" "-v" "/mnt/big/crater/work/local/cargo-home:/cargo-home:ro,Z" "-v" "/mnt/big/crater/work/local/rustup-home:/rustup-home:ro,Z" "-e" "USER_ID=1000" "-e" "SOURCE_DIR=/source" "-e" "USER_ID=1000" "-e" "CMD=cargo +8940af3cea4a9a9deabcaf843b2f8cad9a83fc61-alt build --frozen" "-e" "CARGO_TARGET_DIR=/target" "-e" "CARGO_INCREMENTAL=0" "-e" "RUST_BACKTRACE=full" "-e" "RUSTFLAGS=--cap-lints=warn" "-e" "CARGO_HOME=/cargo-home" "-e" "RUSTUP_HOME=/rustup-home" "-m" "1536M" "--network" "none" "crater"`
Dec 01 16:03:08.734 INFO [stdout] 8ea1db239ee6f4825a5b8f4f96188ccd90ef2663ea09c746265745861d3bd870
Dec 01 16:03:08.736 INFO running `"docker" "start" "-a" "8ea1db239ee6f4825a5b8f4f96188ccd90ef2663ea09c746265745861d3bd870"`
Dec 01 16:03:09.218 INFO [stderr] usermod: no changes
Dec 01 16:03:09.494 INFO [stderr]    Compiling rustc-ap-graphviz v297.0.0
Dec 01 16:03:09.499 INFO [stderr]    Compiling scoped-tls v0.1.2
Dec 01 16:03:09.499 INFO [stderr]    Compiling plist v0.3.0
Dec 01 16:03:09.499 INFO [stderr]    Compiling rls-span v0.4.0
Dec 01 16:03:09.499 INFO [stderr]    Compiling rustc-rayon-core v0.1.1
Dec 01 16:03:09.499 INFO [stderr]    Compiling rustc-hash v1.0.1
Dec 01 16:03:09.499 INFO [stderr]    Compiling onig_sys v69.0.0
Dec 01 16:03:09.499 INFO [stderr]    Compiling rustc-ap-rustc_target v297.0.0
Dec 01 16:03:09.539 INFO [stderr]    Compiling rustc-ap-syntax v297.0.0
Dec 01 16:03:09.563 INFO [stderr]    Compiling ena v0.9.3
Dec 01 16:03:09.587 INFO [stderr]    Compiling rustc-ap-rustc_cratesio_shim v297.0.0
Dec 01 16:03:09.871 INFO [stderr] error[E0554]: #![feature] may not be used on the beta release channel
Dec 01 16:03:09.871 INFO [stderr]   --> /cargo-home/registry/src/github.com-1ecc6299db9ec823/scoped-tls-0.1.2/src/lib.rs:47:34
Dec 01 16:03:09.871 INFO [stderr]    |
Dec 01 16:03:09.871 INFO [stderr] 47 | #![cfg_attr(feature = "nightly", feature(macro_vis_matcher))]
Dec 01 16:03:09.871 INFO [stderr]    |                                  ^^^^^^^^^^^^^^^^^^^^^^^^^^
Dec 01 16:03:09.871 INFO [stderr] 
Dec 01 16:03:09.871 INFO [stderr] error[E0554]: #![feature] may not be used on the beta release channel
Dec 01 16:03:09.871 INFO [stderr]   --> /cargo-home/registry/src/github.com-1ecc6299db9ec823/scoped-tls-0.1.2/src/lib.rs:48:34
Dec 01 16:03:09.871 INFO [stderr]    |
Dec 01 16:03:09.871 INFO [stderr] 48 | #![cfg_attr(feature = "nightly", feature(allow_internal_unstable))]
Dec 01 16:03:09.871 INFO [stderr]    |                                  ^^^^^^^^^^^^^^^^^^^^^^^^^^^^^^^^
Dec 01 16:03:09.871 INFO [stderr] 
Dec 01 16:03:09.876 INFO [stderr] error: aborting due to 2 previous errors
Dec 01 16:03:09.876 INFO [stderr] 
Dec 01 16:03:09.876 INFO [stderr] For more information about this error, try `rustc --explain E0554`.
Dec 01 16:03:09.876 INFO [stderr] error: Could not compile `scoped-tls`.
Dec 01 16:03:09.876 INFO [stderr] warning: build failed, waiting for other jobs to finish...
Dec 01 16:03:09.895 INFO [stderr] error[E0554]: #![feature] may not be used on the beta release channel
Dec 01 16:03:09.895 INFO [stderr]   --> /cargo-home/registry/src/github.com-1ecc6299db9ec823/rls-span-0.4.0/src/lib.rs:12:1
Dec 01 16:03:09.895 INFO [stderr]    |
Dec 01 16:03:09.895 INFO [stderr] 12 | #![feature(proc_macro)]
Dec 01 16:03:09.895 INFO [stderr]    | ^^^^^^^^^^^^^^^^^^^^^^^
Dec 01 16:03:09.895 INFO [stderr] 
Dec 01 16:03:09.895 INFO [stderr] error: aborting due to previous error
Dec 01 16:03:09.895 INFO [stderr] 
Dec 01 16:03:09.895 INFO [stderr] For more information about this error, try `rustc --explain E0554`.
Dec 01 16:03:09.895 INFO [stderr] error: Could not compile `rls-span`.
Dec 01 16:03:09.895 INFO [stderr] warning: build failed, waiting for other jobs to finish...
Dec 01 16:03:09.986 INFO [stderr] error[E0554]: #![feature] may not be used on the beta release channel
Dec 01 16:03:09.986 INFO [stderr]    --> /cargo-home/registry/src/github.com-1ecc6299db9ec823/rustc-ap-graphviz-297.0.0/lib.rs:289:1
Dec 01 16:03:09.986 INFO [stderr]     |
Dec 01 16:03:09.986 INFO [stderr] 289 | #![feature(rustc_private, nll)]
Dec 01 16:03:09.986 INFO [stderr]     | ^^^^^^^^^^^^^^^^^^^^^^^^^^^^^^^
Dec 01 16:03:09.986 INFO [stderr] 
Dec 01 16:03:09.986 INFO [stderr] error[E0554]: #![feature] may not be used on the beta release channel
Dec 01 16:03:09.986 INFO [stderr]    --> /cargo-home/registry/src/github.com-1ecc6299db9ec823/rustc-ap-graphviz-297.0.0/lib.rs:290:1
Dec 01 16:03:09.986 INFO [stderr]     |
Dec 01 16:03:09.986 INFO [stderr] 290 | #![feature(str_escape)]
Dec 01 16:03:09.986 INFO [stderr]     | ^^^^^^^^^^^^^^^^^^^^^^^
Dec 01 16:03:09.986 INFO [stderr] 
Dec 01 16:03:09.986 INFO [stderr] error: aborting due to 2 previous errors
Dec 01 16:03:09.986 INFO [stderr] 
Dec 01 16:03:09.986 INFO [stderr] For more information about this error, try `rustc --explain E0554`.
Dec 01 16:03:09.989 INFO [stderr] error: Could not compile `rustc-ap-graphviz`.
Dec 01 16:03:09.989 INFO [stderr] warning: build failed, waiting for other jobs to finish...
Dec 01 16:03:10.171 INFO [stderr] error[E0554]: #![feature] may not be used on the beta release channel
Dec 01 16:03:10.172 INFO [stderr]   --> /cargo-home/registry/src/github.com-1ecc6299db9ec823/rustc-ap-rustc_cratesio_shim-297.0.0/src/lib.rs:14:1
Dec 01 16:03:10.172 INFO [stderr]    |
Dec 01 16:03:10.172 INFO [stderr] 14 | #![feature(nll)]
Dec 01 16:03:10.172 INFO [stderr]    | ^^^^^^^^^^^^^^^^
Dec 01 16:03:10.172 INFO [stderr] 
Dec 01 16:03:10.172 INFO [stderr] error: aborting due to previous error
Dec 01 16:03:10.172 INFO [stderr] 
Dec 01 16:03:10.172 INFO [stderr] For more information about this error, try `rustc --explain E0554`.
Dec 01 16:03:10.176 INFO [stderr] error: Could not compile `rustc-ap-rustc_cratesio_shim`.
Dec 01 16:03:10.176 INFO [stderr] warning: build failed, waiting for other jobs to finish...
Dec 01 16:03:10.785 INFO [stderr] error: build failed
Dec 01 16:03:10.787 INFO [stderr] su: No module specific data is present
Dec 01 16:03:11.040 INFO running `"docker" "inspect" "8ea1db239ee6f4825a5b8f4f96188ccd90ef2663ea09c746265745861d3bd870"`
Dec 01 16:03:11.139 INFO running `"docker" "rm" "-f" "8ea1db239ee6f4825a5b8f4f96188ccd90ef2663ea09c746265745861d3bd870"`
Dec 01 16:03:11.203 INFO [stdout] 8ea1db239ee6f4825a5b8f4f96188ccd90ef2663ea09c746265745861d3bd870
